ose -19 = -5*n - 4. Let b(y) = -24*y**3 + 2*y + 1. Let p be b(-1). Suppose -5*u = n*i - p, i + 0*u - 2 = 4*u. List the prime factors of i.
2, 3
Let m = 4 + -1. Suppose -m*b + 70 = 4*g, -g = -2*b - 2*b - 8. What are the prime factors of g?
2
Suppose 17 + 42 = z. List the prime factors of z.
59
Let h = 61 - 12. What are the prime factors of h?
7
Let g be 1 + 1/((-2)/(-32)). Let f(c) = 4*c**2 + c - 1. Let b be f(1). Let o = g - b. List the prime factors of o.
13
Let u(a) = -6 + 11*a + a**3 + 3 - 5 + 10*a**2. Let z be u(-8). Let c = -22 + z. What are the prime factors of c?
2, 5
Suppose 2*s + s + f - 29 = 0, 2*f - 25 = -3*s. Let y = -1 + s. What are the prime factors of y?
2, 5
Suppose 0 = -2*b + 5*y + 4, 2 = b - 4*y. Suppose b*o + 8 - 128 = 0. Suppose -4*a + 12 = 0, 5*v + 0*v = 5*a + o. What are the prime factors of v?
3, 5
Let z = -30 + 167. List the prime factors of z.
137
Suppose -k + 4*l = -3*k - 20, -5*k = 5*l + 25. Suppose k = 2*p - 5*t - 11, 0*t = 4*p + 3*t - 9. What are the prime factors of (-22 + p)/1*-1?
19
Let x be (-318)/(-9) + (-2)/(-3). Let c(f) = 2*f**2 - 3*f. Let v be c(2). Suppose 4*o - x = v*o. List the prime factors of o.
2, 3
Suppose 36 = n - 4*r - 23, -3*n = 3*r - 222. What are the prime factors of n?
71
Let j = -13 - -16. Suppose -3*a + 65 = 4*c, 4*a = 2*a + j*c + 49. List the prime factors of a.
23
Suppose 5*y = i - 16, 0 = -2*i + 5*i - 5*y - 38. List the prime factors of i.
11
Suppose 2*h + 30 = h. Let u = -19 - h. List the prime factors of u.
11
Suppose 5*j - t - 124 = 0, 3*j + 3*t - t - 77 = 0. Suppose -4*c - c + j = 0. List the prime factors of c.
5
Let u(d) = -d - 6. Let m(n) be the first derivative of n**4/2 + n**3/3 - n**2/2 + 2*n - 1. Let z be m(-2). What are the prime factors of u(z)?
2
Let j be 1*(-12)/(-2 - -4). What are the prime factors of 100/(-15)*j/4?
2, 5
Let w be (36/10)/((-45)/(-150)). Let o = 21 - w. List the prime factors of o.
3
What are the prime factors of (-5 - (-4)/(-4))*206/(-4)?
3, 103
Suppose 7 = -4*w - 1. Let r be 14/(-4) - w/(-4). Let b = 17 + r. What are the prime factors of b?
13
Let x(b) = b**2 - 10*b + 4. Let w be x(10). Suppose w*u - 30 = u. List the prime factors of u.
2, 5
Let k = 97 - 78. What are the prime factors of k?
19
Let r = 30 - 21. Suppose 4*d - r = 35. What are the prime factors of d?
11
Let i(j) be the first derivative of j**4/4 + 5*j**3/3 - 3*j**2/2 + j + 2. List the prime factors of i(-3).
2, 7
Let r be (-44)/(-7) + 4/(-14). Suppose -s = -r*s + 5. List the prime factors of s/((-34)/18 + 2).
3
Let p(h) = 20*h**2 + 2. List the prime factors of p(1).
2, 11
Let l = -8 - -12. Suppose 0 = -0*z + l*z - 40. List the prime factors of z.
2, 5
What are the prime factors of 30/135 - 709/(-9)?
79
Let k = 42 + -61. Let w = k + 44. Suppose -y + 2*j + w + 5 = 0, -j = y - 18. What are the prime factors of y?
2, 11
Let a = 31 - 19. Let w = a + -4. What are the prime factors of w?
2
Let l(r) = -5*r**2 - 2*r - 1. Let m be l(-1). Let k = m - -2. What are the prime factors of 8/(3/(1 - k))?
2
Let z(i) = 12*i**2 - i - 2. Let n be z(2). Suppose 14 = -s + n. What are the prime factors of 1/(0 - (-3)/s)?
2, 5
Let h(z) = z**3 + 10*z**2 - 16*z - 2. List the prime factors of h(-11).
53
Let p(i) = -10*i**2 - 14*i - 16. Let y(j) = 3*j**2 + 5*j + 5. Let z(h) = -2*p(h) - 7*y(h). Suppose 4 = 2*r - 6, -3*c - 5 = 2*r. List the prime factors of z(c).
7
Suppose -64 - 108 = -4*l - 2*c, -168 = -4*l - c. List the prime factors of l.
41
List the prime factors of 15015/66 + (-1)/2.
227
Let y = 47 + -92. Let a = 75 + y. Suppose 0*l + a = 5*l. What are the prime factors of l?
2, 3
Suppose -3*g - f + 0 = 65, -4*g - 108 = -4*f. Suppose -2*l + 33 = -n, n + 19 + 24 = -3*l. Let p = g - n. What are the prime factors of p?
2, 7
Suppose 0*f - 2*f + 92 = 0. Suppose 5*o - f = 104. Suppose 0 = 5*k, 5*k - o = -3*p + 4*k. List the prime factors of p.
2, 5
Let i(z) = z**3 + 2*z**2 + 3*z + 2. Let r be i(-2). List the prime factors of (1 - (-54)/(-8))*r.
23
Let y(k) = k**2 - 15*k - 10. Let s(n) = 17*n**2 + n. Let t be s(-1). What are the prime factors of y(t)?
2, 3
Suppose -6*h - 28 = -h + 2*s, 0 = s - 1. Let l(i) = i**3 + 6*i**2 - i - 1. What are the prime factors of l(h)?
5
Suppose -6*s + 407 = -43. What are the prime factors of s?
3, 5
Suppose 2*r + n = 5*r - 72, 5*r - 5*n = 120. What are the prime factors of r?
2, 3
Let t = 6 - 16. Let p = t + 16. What are the prime factors of p?
2, 3
Let m(u) = u**2 + 7*u + 3. Let r be m(-7). Suppose r*k = 22 + 65. What are the prime factors of k?
29
Let s = -50 + 29. Let x = 1 - s. Suppose 3*r - r = x. What are the prime factors of r?
11
Let z(y) = 6*y**2 - 5*y - 8. Let n be z(-4). Suppose -3*r = 4*f - n, -2*r = -6*r. What are the prime factors of f?
3
Suppose -3 - 1 = 4*g, 5*g = -3*v + 268. What are the prime factors of v?
7, 13
Let o(m) = 119*m - 3. List the prime factors of o(1).
2, 29
Let z = 48 + -44. List the prime factors of z.
2
Let s = 1264 + -859. List the prime factors of s.
3, 5
Suppose 3*n = -n - 2*c + 12, 0 = -4*n + 3*c + 32. Let h(i) = -i + 0*i + 6 + 4*i**2 - 2*i - 3*i**2. List the prime factors of h(n).
2
Let d(m) = m**2 + 4*m. Let z be d(-5). Suppose -2*s + 3*u + 13 + 8 = 0, -z*s + 10 = u. Suppose s*b = 4*w - 51, w - 7 = -4*b - b. List the prime factors of w.
2, 3
Let z = 75 + 2. What are the prime factors of z?
7, 11
Suppose 0 + 78 = 2*r. What are the prime factors of r?
3, 13
Let z = -47 - -66. What are the prime factors of z?
19
Let q = 40 + -20. What are the prime factors of q?
2, 5
Suppose -5*h + 209 + 171 = 0. What are the prime factors of h?
2, 19
Suppose 1 = -3*m - 2. Let i = m - -3. Let o = 6 - i. List the prime factors of o.
2
Suppose 5*a = -q + 2*a + 17, 4*q - 5*a = 34. What are the prime factors of q?
11
Let n = 4 + -2. List the prime factors of n.
2
Suppose 0 = o - v - v - 8, 20 = -4*v. Let i be -1 + (o/(-1) - -13). Suppose -6*t = -4*t - i. What are the prime factors of t?
7
Let o(s) = 5*s**2 + 5*s + 25. Let a(k) = 2*k**2 + 2*k + 8. Let u(l) = -8*a(l) + 3*o(l). What are the prime factors of u(0)?
11
Let a(k) = k + 3. Let w(m) = -6*m - 14. Let n(i) = -16*a(i) - 3*w(i). What are the prime factors of n(6)?
2, 3
Let o(l) = 31*l**2 - 2*l + 1. Let b = -15 + 16. What are the prime factors of o(b)?
2, 3, 5
Let y be 4*-1 + 2 - -11. Suppose 11 = 4*n - y. Let t = 4 + n. What are the prime factors of t?
3
List the prime factors of ((-34)/4)/(3/(-6)).
17
Let s be (-6)/8 + (-75)/(-20). Suppose -3*u - g + 73 = s*g, g - 52 = -2*u. List the prime factors of u.
3
Let m(z) = -45*z**3 - z + 1. Let q be m(1). Let y = q - -63. What are the prime factors of y?
2, 3
Let x be -2 - -3 - 9*2. Let p = -11 - x. What are the prime factors of p?
2, 3
Let b(j) = -j + 2. Let a be b(-1). Suppose c - 36 = -a*c. What are the prime factors of c?
3
Suppose -k - 11 = -2*b - 3*b, -4*k - b + 19 = 0. Suppose -k*a + 20 = -0*a. Suppose a*u - 3*q + 2 = 0, 2*q - 10 = u - q. List the prime factors of u.
2
Suppose 0 = k + 4*k - 10. Suppose -k*a - c = -4*a + 14, 2*a - 26 = 4*c. List the prime factors of a.
5
Let t(i) = -2*i - 13. Let u be t(-9). Suppose 12 = -u*b + 32. Suppose 0 = -p + 3*l - 2*l, 0 = p - 2*l + b. What are the prime factors of p?
2
List the prime factors of (0 - -29*2) + 0.
2, 29
Let g = 254 + -127. Suppose -a = 3*c - 17, -4*c + g = 5*a - 3*c. Let b = a + -13. List the prime factors of b.
13
List the prime factors of (6/(-9))/(1/(-27)).
2, 3
Let v(l) = 2*l + 5. Let o be v(4). Suppose 0 = -4*j + n + 7 + 13, 0 = -j + 5*n + 24. Let c = o - j. List the prime factors of c.
3
Suppose 0 = 8*i - 166 - 138. List the prime factors of i.
2, 19
Let b = 39 + -41. Suppose g + 0*x - 4*x = 19, 5*x + 22 = g. Let u = b + g. List the prime factors of u.
5
Suppose -9*k + 8*k + 111 = 0. List the prime factors of k.
3, 37
Let d(q) = -q**2 + 3*q - 2. Let z be d(2). Suppose -5*n + 4 = a, z = 4*a + a + n - 68. List the prime factors of a.
2, 7
Let w = -1 - -34. What are the prime factors of w?
3, 11
Let c = -4 + -13. What are the prime factors of (4/2 - c) + 2?
3, 7
Let r(w) = -11*w - 4. Let i(g) = g**3 - 12*g**2 + 10*g + 9. Let j be i(11). What are the prime factors of r(j)?
2, 3
List the prime factors of (-4660)/(-70) + (-4)/7.
2, 3, 11
Let r(v) = v**2 - v + 2. Let h be r(0). Let i = 5 - -1. Suppose -h*b - i = -18